nd 10.
5
Suppose -19 - 41 = -5*h. Suppose 0 = n - 0*n - h. What is the highest common divisor of 12 and n?
12
Let h = 1 + -2. Let z be (-2)/(((-6)/(-255))/h). What is the greatest common divisor of z and 34?
17
Let b(c) = c**2 - 4*c - 5. Let n be b(-6). Let f(z) = -z**2 + 9*z - 3. Let s be f(8). What is the greatest common factor of s and n?
5
Let i(l) = l. Let b be i(5). Suppose q = b*s - 1317, -3*s - q = -0*q - 795. What is the highest common factor of 24 and s?
24
Suppose 0 = 5*p - 3*f - f - 724, 435 = 3*p - 3*f. Calculate the greatest common factor of 36 and p.
36
Let i = 21 - 13. Calculate the highest common divisor of i and 88.
8
Let j = -137 - -228. Suppose 5*x = l + 270, -3*x + j = 3*l - 89. Calculate the greatest common divisor of x and 22.
11
Let j = 5 - -1. Let l(z) = 2*z**2 + 8*z + 6. Let u be l(-6). What is the greatest common factor of j and u?
6
Let f be 47 - (-4 + (2 - -4)). Suppose z - 5 = 2*z + 4*l, -2*z = 4*l + 2. Suppose z*m = -5 + 95. Calculate the greatest common divisor of f and m.
15
Let t be 9/2*4/6. Suppose t*l + 14 = 5*i + l, -4*i - 3*l = -2. Suppose i*r + 80 = 7*r. Calculate the highest common divisor of r and 4.
4
Let y = 25 - 19. Calculate the highest common divisor of y and 78.
6
Let j be -4*(9/(-3) + 2). Suppose 2*k - j*k + 196 = 0. Suppose 430 = 4*y - k. Calculate the greatest common factor of y and 12.
12
Suppose 40 = 3*u - 356. What is the greatest common factor of u and 12?
12
Suppose d - 3*o + 656 - 160 = 0, 504 = -d - o. Let h be d/(-8) + (-5)/(-20). Calculate the greatest common divisor of 42 and h.
21
Let p(a) = -2*a**3 + 2*a**2 + 2*a. Let l be p(-2). What is the highest common factor of l and 100?
20
Let h(z) be the second derivative of z**3/2 + 4*z. Let x be h(1). What is the greatest common divisor of x and 27?
3
Suppose -4*h = 3*i - 23, h - 2*h + 2*i - 8 = 0. Suppose -u + h*u = 58. Calculate the greatest common divisor of 29 and u.
29
Suppose -5*a = t - 0*t - 1, 3*a = 3*t - 3. Calculate the greatest common divisor of 9 and t.
1
Let i(r) = r**2 - 7*r - 6. Let p be i(8). Suppose x - 5 = p. Let f be (-15)/(-1) + (6 - x). What is the greatest common divisor of f and 14?
14
Suppose -x - 2 = -0*d - 3*d, 2*d = 4*x - 12. Let n be (1/d)/((-1)/(-2)). What is the greatest common factor of n and 4?
1
Let s = 9 - 4. Let x = 10 - -35. Calculate the highest common factor of s and x.
5
Let n be 438/(-27) - (-2)/9. Let t = n - -30. Calculate the highest common factor of t and 14.
14
Suppose 30 = i + 4*i. Let s be -4 + (-12)/(-4) + 3. What is the highest common factor of s and i?
2
Let k be 0 - (-2)/1 - (7 + -16). What is the highest common factor of k and 11?
11
Let v be (2 + 2)/((-1)/(-14)). Let b be (0 + -14)/(4/(-2)). What is the greatest common divisor of b and v?
7
Suppose 4*q - 77 = 35. What is the highest common factor of q and 4?
4
Suppose -b = 3*f - 24, 0*b - 4*b + 68 = 5*f. Suppose 4*g - 8*g - 4 = -2*z, z = -3*g + b. Calculate the greatest common divisor of z and 54.
6
Let t(i) = 4*i - 1. Suppose 0 = 3*g - 2 - 10. Let b be t(g). Calculate the greatest common divisor of 120 and b.
15
Let b(j) = -j**3 - 9*j**2 - 1. Let u be b(-9). Let l(k) = 94*k**2 + 1. Let y be l(u). Calculate the highest common divisor of 38 and y.
19
Suppose 0 = -3*d + 2 + 4. Suppose d = 3*u - 13. Calculate the highest common divisor of 5 and u.
5
Let p(v) = v**2 + v + 1. Let q(h) = -4*h**2 - 12*h - 8. Let i(y) = -2*p(y) - q(y). Let z be i(-6). What is the greatest common factor of z and 9?
9
Let k = 0 + 1. Let y be 22/8 + (-14)/(-56). Calculate the highest common factor of y and k.
1
Suppose 2*o + 1 = -7, 536 = 4*c - o. Calculate the greatest common factor of 19 and c.
19
Suppose -f + 3*f - 54 = -2*p, p = f - 21. Let n be 4/((-20)/(-81)) - (-6)/(-30). Calculate the highest common divisor of f and n.
8
Let r be (-4893)/(-56) + 6/(-16). Calculate the greatest common divisor of 29 and r.
29
Suppose 5*y - 39 = 3*q, 2*q - 3*y + 1 = 3*q. Let a be 29 + 2*4/q. What is the greatest common divisor of a and 70?
14
Let d(l) = -l**3 - l**2 - l + 24. Let w = 1 - 1. Let m be d(w). Suppose -11*h + 224 = 3*h. Calculate the highest common factor of h and m.
8
Let h = 28 - 13. Suppose -4*l + 8 = -s - 6, -5*s - 2*l = 4. Let a = 5 + s. Calculate the greatest common divisor of h and a.
3
Let g = 5 + 0. Let l(y) = -y + 6. Let n be l(g). Let s(i) = i**2 + 12*i + 1. Let m be s(-12). What is the greatest common factor of n and m?
1
Let c(r) = -2*r - 25. Let x be c(-13). Let i(f) = -4*f**3 - f**2 + 3*f + 2. Let z be i(-2). Let l = -17 + z. Calculate the highest common divisor of l and x.
1
Let s(u) = -u**3 + 13*u**2 - u + 17. Let h be s(13). What is the greatest common divisor of 28 and h?
4
Let a = -4 - -13. Suppose 0 = -5*x - 5 - 10. Let s be a/((-9)/x) - -2. Calculate the greatest common divisor of 20 and s.
5
Let z(h) = h**2 - 6*h - 8. Let g be z(8). Suppose g = -j - j. Let y be (-292)/(-6) - j/(-6). What is the greatest common divisor of 16 and y?
16
Let l be 0 + -2 + 3 + 0. Let q = 1 - l. Suppose q*w = -5*w + 10. Calculate the greatest common divisor of 1 and w.
1
Suppose 0 = -6*y + 4*y + 36. Let h = 1 + 11. Calculate the highest common divisor of h and y.
6
Let r = -17 - -18. What is the greatest common factor of 3 and r?
1
Let v be 161 + ((-7)/1 - -2). What is the greatest common divisor of 39 and v?
39
Suppose -9 = -n + 5*j, -n - j - 5 = 4. Let y = n - -5. Let l = y - -7. What is the greatest common divisor of l and 18?
6
Suppose 0 = -j + z + 15, 3*z + 10 + 20 = 2*j. Suppose -3*p = -2*p - j. What is the highest common factor of p and 120?
15
Suppose -32*o = -36*o + 24. What is the highest common divisor of 2 and o?
2
Suppose -5*o - p = -5*p - 716, -p = -1. Calculate the highest common divisor of 16 and o.
16
Let o(a) = 14*a**3 + a**2 - 2*a + 1. Let u be o(1). What is the greatest common divisor of u and 126?
14
Suppose 0 = 10*x - 74 - 6. Let p be ((-1)/2)/(2/(-112)). Suppose 3*o + 5*i - p = 0, -5*o + 4 = -5*i + 24. Calculate the greatest common divisor of x and o.
1
Let m be -5*(-2 + 16/10). Suppose -3*g + 15 = m*g. Calculate the highest common divisor of g and 21.
3
Suppose 0*a - 20 = -2*a. Let v be (1 - -5)*(-176)/6. Let u = -106 - v. What is the greatest common divisor of u and a?
10
Let q = 74 - 38. Let d(v) = -v**3 - v**2 - v + 54. Let m be d(0). Calculate the greatest common factor of q and m.
18
Let m(y) = y**2 - y - 18. Let h be m(0). Let z be 16/9 - 4/h. Suppose 57 = b + z*b. Calculate the greatest common factor of b and 152.
19
Suppose 17*k = 51 + 17. Calculate the greatest common divisor of 52 and k.
4
Let d = 85 - 45. Calculate the greatest common factor of d and 10.
10
Suppose o - 72 + 14 = -3*z, 0 = 3*o - 4*z - 200. Calculate the highest common factor of 8 and o.
8
Suppose 5*n + b - 58 = 0, -n - 4*b = 2*n - 28. What is the highest common factor of 48 and n?
12
Let j(w) = -2*w**2 + 24*w - 48. Let v be j(8). Let d = 102 + -17. Suppose -d = 4*a - 277. What is the highest common divisor of v and a?
16
Suppose 11*x - 244 = -79. What is the highest common factor of x and 5?
5
Let o = -7 - -5. Let q(p) = -16*p + 1. Let r be q(o). Suppose 0 = -4*k + 4*g + 48, -3*g + 81 = 4*k + r. Calculate the highest common divisor of k and 60.
12
Let q = 2 + -1. Let j(b) = 9*b + 1. Let f be j(q). Calculate the greatest common divisor of f and 50.
10
Suppose -3 - 1 = t. Let r = t - -9. Suppose r*y + 4*l = -0*l + 10, y + 4 = -2*l. What is the greatest common divisor of y and 24?
6
Suppose 2*o - 194 = -0*p - 4*p, 0 = 4*p + o - 197. Let y be (3 - 3)/1 + p. Suppose 5*z - 6 - 19 = 0. What is the highest common factor of y and z?
5
Suppose -5*j = 3*c - 60, -4*c + 2*j - 18 + 72 = 0. Calculate the highest common divisor of c and 165.
15
Suppose -80 = -15*i + 10*i. Let c be 194/3 + (-2)/3. What is the highest common factor of c and i?
16
Let q = 6 + -3. Suppose 0 = -2*h - q*h + 20. Suppose s - 7 = -b - 0*b, -2*s + 17 = b. What is the greatest common factor of s and h?
2
Let o(s) = s**2 - 2*s + 20. Let j be o(0). What is the greatest common factor of 220 and j?
20
Let i(c) = c**2 + 5*c + 4. Let u be i(-5). Suppose u*x - 305 = -x. Suppose x = -5*z + 361. Calculate the greatest common factor of z and 40.
20
Suppose -6*f + 64 = -2*f. Suppose -m - 2 = -f. Calculate the grea